e thousands digit of 16107?
6
What is the tens digit of 918?
1
What is the hundreds digit of 5434?
4
What is the tens digit of 114308?
0
What is the units digit of 90?
0
What is the units digit of 4184?
4
What is the units digit of 3133?
3
What is the thousands digit of 3854?
3
What is the thousands digit of 6915?
6
What is the units digit of 14382?
2
What is the hundred thousands digit of 150884?
1
What is the units digit of 1867?
7
What is the tens digit of 2643?
4
What is the units digit of 27351?
1
What is the hundreds digit of 1265?
2
What is the units digit of 6040?
0
What is the thousands digit of 1056?
1
What is the tens digit of 21781?
8
What is the ten thousands digit of 93398?
9
What is the units digit of 17424?
4
What is the units digit of 45053?
3
What is the units digit of 19184?
4
What is the thousands digit of 19582?
9
What is the units digit of 1549?
9
What is the tens digit of 4250?
5
What is the thousands digit of 4677?
4
What is the hundreds digit of 4232?
2
What is the tens digit of 48958?
5
What is the hundreds digit of 66339?
3
What is the tens digit of 29915?
1
What is the hundreds digit of 1766?
7
What is the tens digit of 5790?
9
What is the tens digit of 308?
0
What is the tens digit of 20596?
9
What is the hundreds digit of 9987?
9
What is the units digit of 4076?
6
What is the units digit of 805?
5
What is the ten thousands digit of 15773?
1
What is the thousands digit of 3562?
3
What is the units digit of 3548?
8
What is the units digit of 503?
3
What is the thousands digit of 91145?
1
What is the tens digit of 653?
5
What is the thousands digit of 1626?
1
What is the hundreds digit of 7094?
0
What is the tens digit of 63134?
3
What is the thousands digit of 12343?
2
What is the thousands digit of 2696?
2
What is the tens digit of 1026?
2
What is the units digit of 273?
3
What is the thousands digit of 1059?
1
What is the hundreds digit of 318?
3
What is the ten thousands digit of 76329?
7
What is the ten thousands digit of 46255?
4
What is the thousands digit of 33762?
3
What is the units digit of 686?
6
What is the units digit of 5179?
9
What is the hundreds digit of 10338?
3
What is the hundreds digit of 764?
7
What is the hundreds digit of 103818?
8
What is the hundreds digit of 3933?
9
What is the tens digit of 4434?
3
What is the hundreds digit of 49446?
4
What is the thousands digit of 1184?
1
What is the tens digit of 806?
0
What is the units digit of 417?
7
What is the tens digit of 2810?
1
What is the hundreds digit of 904?
9
What is the units digit of 3940?
0
What is the units digit of 17834?
4
What is the units digit of 54323?
3
What is the hundreds digit of 1183?
1
What is the hundred thousands digit of 123142?
1
What is the tens digit of 2392?
9
What is the thousands digit of 3339?
3
What is the units digit of 321?
1
What is the thousands digit of 3705?
3
What is the tens digit of 3878?
7
What is the units digit of 248?
8
What is the tens digit of 871?
7
What is the hundreds digit of 3105?
1
What is the hundreds digit of 191?
1
What is the units digit of 869?
9
What is the thousands digit of 49491?
9
What is the ten thousands digit of 11702?
1
What is the hundreds digit of 817?
8
What is the units digit of 6022?
2
What is the thousands digit of 6027?
6
What is the hundreds digit of 23023?
0
What is the tens digit of 212?
1
What is the tens digit of 55579?
7
What is the hundreds digit of 1517?
5
What is the ten thousands digit of 19043?
1
What is the hundreds digit of 9379?
3
What is the units digit of 847?
7
What is the tens digit of 821?
2
What is the thousands digit of 2263?
2
What is the tens digit of 641?
4
What is the thousands digit of 3697?
3
What is the hundreds digit of 10239?
2
What is the hundreds digit of 375?
3
What is the ten thousands digit of 116263?
1
What is the thousands digit of 111316?
1
What is the units digit of 25435?
5
What is the units digit of 209?
9
What is the hundreds digit of 11945?
9
What is the tens digit of 186?
8
What is the units digit of 16520?
0
What is the thousands digit of 23102?
3
What is the units digit of 102?
2
What is the thousands digit of 2128?
2
What is the units digit of 6276?
6
What is the tens digit of 72377?
7
What is the units digit of 735?
5
What is the ten thousands digit of 39198?
3
What is the units digit of 49112?
2
What is the hundreds digit of 2101?
1
What is the thousands digit of 45679?
5
What is the thousands digit of 4329?
4
What is the units digit of 20734?
4
What is the hundreds digit of 11927?
9
What is the hundreds digit of 199?
1
What is the ten thousands digit of 151142?
5
What is the ten thousands digit of 10140?
1
What is the units digit of 12305?
5
What is the tens digit of 3637?
3
What is the thousands digit of 1160?
1
What is the hundreds digit of 2281?
2
What is the units digit of 2473?
3
What is the units digit of 1283?
3
What is the tens digit of 310?
1
What is the hundreds digit of 41374?
3
What is the units digit of 15025?
5
What is the thousands digit of 184934?
4
What is the thousands digit of 1520?
1
What is the tens digit of 8847?
4
What is the hundreds digit of 514?
5
What is the tens digit of 47766?
6
What is the tens digit of 35828?
2
What is the tens digit of 8836?
3
What is the tens digit of 2609?
0
What is the hundreds digit of 30430?
4
What is the tens digit of 4928?
2
What is the units digit of 3667?
7
What is the tens digit of 1103?
0
What is the thousands digit of 1193?
1
What is the thousands digit of 1173?
1
What is the hundreds digit of 17885?
8
What is the thousands digit of 1304?
1
What is the units digit of 9755?
5
What is the units digit of 2772?
2
What is the hundreds digit of 1759?
7
What is the hundreds digit of 175?
1
What is the thousands digit of 31928?
1
What is the units digit of 4839?
9
What is the thousands digit of 2019?
2
What is the tens digit of 4006?
0
What is the hundreds digit of 119?
1
What is the tens digit of 1718?
1
What is the tens digit of 19?
1
What is the tens digit of 1107?
0
What is the thousands digit of 4818?
4
What is the thousands digit of 19220?
9
What is the units digit of 2445?
5
What is the hundreds digit of 1778?
7
What is the hundreds digit of 1473?
4
What is the hundreds digit of 10506?
5
What is the ten thousands digit of 41314?
4
What is the tens digit of 16310?
1
What is the thousands digit of 20029?
0
What is the tens digit of 56657?
5
What is the thousands digit of 6336?
6
What is the ten thousands digit of 98088?
9
What is the ten thousands digit of 13315?
1
What is the thousands digit of 89448?
9
What is the thousands digit of 181254?
1
What is the hundreds digit of 3859?
8
What is the tens digit of 88606?
0
What is the tens digit of 31949?
4
What is the hundreds digit of 287?
2
What is the hundreds digit of 2102?
1
What is the thousands digit of 1001?
1
What is the units digit of 7219?
9
What is the tens digit of 671?
7
What is the units digit of 686?
6
What is the tens digit of 18850?
5
What is the tens digit of 1828?
2
What is the hundreds digit of 3827?
8
What is the tens digit of 2877?
7
What is the hundreds digit of 494?
4
What is the ten thousands digit of 43785?
4
What is the hundreds digit of 2298?
2
What is the units digit of 470?
0
What is the tens digit of 6764?
6
What is the units digit of 1514?
4
What is the thousands digit of 19800?
9
What is the hundreds digit of 909?
9
What is the tens digit of 5236?
3
What is the tens digit of 2320?
2
What is the hundreds digit of 970?
9
What is the hundreds digit of 561?
5
What is the tens digit of 127920?
2
What is the tens digit of 2709?
0
What is the ten thousands digit of 13148?
1
What is the hundreds digit of 287?
2
What is the units digit of 2328?
8
What is the tens digit of 2366?
6
What is the hundreds digit of 815?
8
What is the hundreds digit of 1479?
4
What is the thousands digit of 26848?
6
What is the thousands digit of 12566?
2
What is the hundreds digit of 1328?
3
What is the ten thousands digit of 46928?
4
What is the tens digit of 24460?
6
What is the units digit of 92976?
6
What is the tens digit of 7874?
7
What is the hundreds digit of 69959?
9
What is the hundreds digit of 804?
8
What is the thousands digit of 92469?
2
What is the tens digit of 3813?
1
What is the hundreds digit o